of 10/i + 23180/68?
4
Suppose -g + 3*b = -7323, 11*g + 21919 = 14*g + b. What is the hundreds digit of g?
3
Let q(c) = 141*c**2 + 26*c + 68. Suppose 3*h - 4 + 13 = 0. What is the hundreds digit of q(h)?
2
Let c(x) = -154*x - 3033. What is the tens digit of c(-48)?
5
Let g be (-2*3)/(-8 + 5). Suppose -a + 3*a - 660 = 4*y, 655 = g*a + y. Suppose o = 5*o - a. What is the tens digit of o?
8
Let w(a) = 23*a**2 + 15*a + 132. What is the hundreds digit of w(-15)?
0
Suppose 9*c - 1872568 = -83*c. What is the units digit of c?
4
Let t(b) = -2224*b - 1309. What is the tens digit of t(-11)?
5
Suppose 0*x + 9 = -b + 2*x, -5*b - 2*x + 15 = 0. What is the units digit of 25/b*(-9 + 12)?
5
Suppose -88*f + 90*f = o - 56374, -4*f + 112740 = 2*o. What is the ten thousands digit of o?
5
Let f = -2927 - -5513. What is the tens digit of f?
8
Let p(g) = -g**3 + 6*g**2 + 7*g + 18. Let t(m) = -m**3 + 20*m**2 + 45*m - 15. Let f be t(22). Let k be p(f). What is the units digit of (k/(-12))/((-3)/164)?
2
Suppose 16*m - 8448 = 3088. Suppose m = 4*i + 3*t, t = -i + 6*i - 906. What is the units digit of i?
1
Let s be 72/10*15/(-2). Let w(p) = 127*p**2 - 6*p - 6. Let x be w(-1). Let f = s + x. What is the units digit of f?
3
Let n(m) = -14*m**2 - m + 23. Let b(l) = 42*l**2 + 4*l - 70. Let r(w) = 6*b(w) + 17*n(w). What is the units digit of r(7)?
6
Let t(z) = z**2 - z. Let o = -5 - -4. Let b(d) = 2*d**2 + 22*d + 20. Let r(l) = o*b(l) + t(l). What is the hundreds digit of r(-12)?
1
Let s(z) = z**3 - 14*z**2 - 31*z + 2. Suppose -25 - 111 = -8*a. What is the hundreds digit of s(a)?
3
Suppose 48 = 37*i - 26. What is the tens digit of ((-24)/32)/(1/(-552)*i)?
0
Let g(h) = 885*h - 11411. What is the units digit of g(19)?
4
Let l = -25117 + 62193. What is the hundreds digit of l?
0
Suppose 436 = 3*j - l - 313, j - 3*l = 239. Let z = j - 38. What is the hundreds digit of z?
2
Let i(h) = h**2 - 3*h - 2. Let q be i(-1). Suppose -q*a + 22 = -24. Let w = 38 - a. What is the units digit of w?
5
Let z(x) = x**3 - 23*x**2 + 23*x - 21. Let m be z(22). Let k be (m/(-3))/((-2)/12) + 52. Let r = k + 5. What is the tens digit of r?
5
What is the thousands digit of 1604/(-802) - 2/(4/(-15766))?
7
Suppose -180126 = -5*r + 43*u - 46*u, -4*r = u - 144091. What is the hundreds digit of r?
0
Let m = -2673 - -11066. What is the hundreds digit of m?
3
Let o = 183552 - 122361. What is the ten thousands digit of o?
6
Let g = 32879 + 7675. What is the hundreds digit of g?
5
Suppose -4*x - 16696 = -t, -33476 = -2*t + 147*x - 151*x. What is the thousands digit of t?
6
Suppose 6*y - 8981 = -y. Suppose -4*d + 20 = 0, -3*d - y = -4*k - 6*d. What is the hundreds digit of k?
3
Let y(q) = 4*q + 14. Let f(h) = 3*h + 14. Let c(g) = 6*f(g) - 4*y(g). Let m be c(-15). What is the units digit of (-97)/m - (-15)/10?
0
Let x = 425 - 284. Let h = x + -100. Suppose 2*d + t = -0*t + 73, -d = -t - h. What is the units digit of d?
8
Let g(o) = 5*o**2 - 16*o - 5. Let u = -60 + 72. What is the units digit of g(u)?
3
Let l(q) = q**2 + 3*q - 8. Let u be l(-18). Suppose -5*r + u + 453 = 0. What is the tens digit of r?
4
Suppose 5*q + 5*b - 18255 = 0, 0 = 102*q - 103*q + 2*b + 3663. What is the thousands digit of q?
3
Let z(q) = -q**3 - 8*q**2 + 20*q. Let b be z(-10). Suppose 17*u - 4275 - 1335 = b. What is the tens digit of u?
3
Suppose -1234 = -4*l + 2*h, -4*l + 4*h + 400 + 840 = 0. Suppose l = u - 3*w + 101, -2*w = 2*u - 404. What is the tens digit of u?
0
Suppose 480*p - 481*p = -1, -5*q + 4*p + 83871 = 0. What is the hundreds digit of q?
7
Suppose 0 = 2*w - 26*w - 2*w. Suppose w = 313*j - 306*j - 4249. What is the hundreds digit of j?
6
Let z be -30*(-4)/18*(2 + 1). Suppose -f = 2*m - 0 + 1, 11 = 3*f - m. Suppose 136 = f*n - z. What is the units digit of n?
2
Suppose n - 3022 = 5*n - 3350. What is the tens digit of n?
8
Let i(g) = -163*g - 155. What is the hundreds digit of i(-46)?
3
Suppose -21*x - 8*x + 521303 - 41208 = 0. What is the hundreds digit of x?
5
Suppose 4 = -3*p - 5*v, -p + 12 = 3*p - 2*v. Let t = -846 - -852. What is the units digit of (p/t)/(4/924)?
7
Let f be (14/6 - 3)*1584/(-32). Suppose 12*s - 15255 = -f*s. What is the hundreds digit of s?
3
Let u = 2326 - 543. What is the tens digit of u?
8
Let b(p) = 16*p - 13. Suppose -2*t + 2 = 2*j - 8, -5 = -5*t. Suppose f + j*f = 40. What is the hundreds digit of b(f)?
1
Let r = -27 - -46. Suppose 0 = -6*u + 79 - r. What is the tens digit of u?
1
What is the units digit of (-16792)/(-10) - ((-6)/70 - 18/(-63))?
9
Let k(c) = -46*c + 3. Suppose -3*m - 3 = 6. Let f be m/((-3)/(-4)) + 2. What is the tens digit of k(f)?
9
Let s(f) = 18*f**2 + 86*f + 378. What is the thousands digit of s(-21)?
6
Let k = 39 + -6. Let j = 38 - k. Suppose -j*u - 265 + 1225 = 5*v, 5*u + 377 = 2*v. What is the units digit of v?
1
Let q(m) = -13*m**3 - 3*m + 2. Let x be q(1). Let g be -1 - x/18 - (-1552)/18. Suppose 29 = 5*a - g. What is the units digit of a?
3
Let l be 464/(-2) - 10/(-2). Let t = -28 - l. What is the hundreds digit of t?
1
Suppose 0 = 12*n - 94750 - 79600 + 29594. What is the thousands digit of n?
2
Let c = 41 - 29. Let d(x) = 42*x - 67. What is the hundreds digit of d(c)?
4
Suppose 10*n + 3*n = 65. Suppose -n*j = 4*y - 2408, -j + 227 = -3*y - 266. What is the tens digit of j?
8
Suppose 4*z = 3*w + 18733, w = z - 635 - 4048. What is the thousands digit of z?
4
Let l(f) = 16*f**2 - 4*f + 4. Let s(u) = 2*u - 14. Let i be s(8). Let k be l(i). Let v = k - -100. What is the tens digit of v?
6
Let s(o) = 17*o - 10 + 17*o**2 + 0*o + o**3 + 30. Let h be s(-16). Suppose 0*r = h*r - 132. What is the units digit of r?
3
Let u = 194 + -172. What is the hundreds digit of -2 - ((1 - 5) + (-13772)/u)?
6
Suppose -i = 8*i - 0*i. Suppose -2*z - 8 = i, 0 = 2*g + 4*z - 2*z - 876. What is the units digit of g?
2
Let k(d) = -5*d - 5. Let l be k(-1). Suppose o + 86 + 38 = l. Let g = o - -276. What is the tens digit of g?
5
Let g = -541 + 399. Let l = 15 - g. What is the tens digit of l?
5
Suppose -10*w - 17*w = -87469 - 14267. What is the hundreds digit of w?
7
Suppose 0 = -5*r - 217 + 247. What is the units digit of ((-171)/r)/3*-38?
1
Suppose -3*k + 5*k - 22 = 0. Let i be 0/k + 133/1. Let f = 32 + i. What is the units digit of f?
5
Let f be 3 - -312 - ((-18)/3 + 7). Let d = -254 + f. What is the units digit of d?
0
What is the thousands digit of 77*((-107109)/(-126))/((-30)/(-20))?
3
Suppose 0*n = -7*n + 112. Suppose 45*u - 41*u = n. Suppose -u*k = d - 4 - 298, 2*k = 3*d + 158. What is the units digit of k?
6
Let u(j) = -5*j + 97. Let z be u(18). Suppose -18*s = z*s - 12475. What is the tens digit of s?
9
Suppose 7*x - 406 - 756 = 0. What is the hundreds digit of 3/6*(2 - -10*x)?
8
Let j = -7556 + 78896. What is the thousands digit of j?
1
Let b = 1235 + -504. Let l = b - 419. What is the units digit of l?
2
What is the units digit of (-616)/98*55*(-966)/6?
0
Let a = 53 - 34. Suppose a = l + 17. Suppose 2*q + 4 = -4*h, 0*q - l*h - 14 = -5*q. What is the units digit of q?
2
Let o be (-9)/(-2)*(-4)/(-3). Let p(l) = 674*l + 4. Let c be p(1). Suppose -o*m + 150 = -c. What is the tens digit of m?
3
Suppose -c + 2 = 2*i + 7, -4*i = 3*c + 15. Suppose 3*a - 4*a = -3. Suppose -4*n + a*p + 376 = i, -2*n - 2*p - 470 = -7*n. What is the tens digit of n?
9
Let a be (-11)/(-22) - 2/4. What is the hundreds digit of 286 + (a/4 - (-1 + -3))?
2
Let a be 9 + -7 + 2 + 15 + -3. Suppose -30*l = -a*l - 18340. What is the units digit of l?
0
Suppose -31 = -4*h + 5*a, 7*h + 7 = 11*h + 3*a. Suppose -h*p + 479 = 5*s, 2*p - 6*p = -2*s + 214. What is the tens digit of s?
9
Let o = -3444 + 9011. What is the thousands digit of o?
5
Let j(t) = -t**2 + 9*t - 9. Let k be j(7). Suppose k*s - 5*d = -0*d - 40, 2*s + 2*d = 4. What is the hundreds digit of -2*s/(-42) + 1093/7?
1
Let r(k) = -95*k - 58. Suppose 4*i = -8 - 24. What is the hundreds digit of r(i)?
7
Let m = 1546 + -566. What is the units digit of (-144)/(-70) - 56/m?
2
Suppose 0 = -2*z + 3*g + 13345, 2*g = -68*z + 71*z - 20030. What is the hundreds digit of z?
6
Suppose 9*w - 327470 - 22351 = 0. What is the tens digit of w?
6
Let y(o) be the third derivative of -19*o**4/24 + 4*o**3/3 + 85*o**2. Let j(s) = s**2 - 5*s - 1. Let z be j(5). What is the tens digit of y(z)?
2
Le